 14*k**2 - 8*k - 103. Give x(-5).
287
Let m(b) = -b**2 + 60*b - 319. Calculate m(52).
97
Let l(z) = 2*z**3 - 49*z**2 - 24*z - 35. Calculate l(25).
-10
Let d(l) = l**2 - 14*l - 51. What is d(23)?
156
Let r(w) = -6302*w - 50410. What is r(-8)?
6
Let t(a) = -a**3 - 37*a**2 - 96*a + 179. Determine t(-34).
-25
Let f(c) = c**2 - 26*c + 85. Calculate f(22).
-3
Let f(r) = -25*r + 564. Give f(23).
-11
Let d(h) = -3796*h + 125272. Calculate d(33).
4
Let i(x) = -650*x - 42251. Determine i(-65).
-1
Let n(d) = -319*d - 4442. Calculate n(-14).
24
Let m(g) = 2*g**2 + 2*g - 489. Determine m(16).
55
Let a(p) = p**3 + 56*p**2 + 96*p - 639. Give a(-54).
9
Let f(n) = -2*n**2 - 237*n - 4027. Calculate f(-98).
-9
Let p(m) = 1866*m + 13062. What is p(-7)?
0
Let m(p) = 6*p**3 - 34*p**2 - 77*p + 146. What is m(7)?
-1
Let t(h) = h**3 - 29*h**2 - 55*h - 240. Determine t(31).
-23
Let s(h) = -h**2 + 27*h + 226. What is s(-7)?
-12
Let i(o) = -12*o - 63. What is i(-10)?
57
Let d(c) = -13*c + 153. What is d(10)?
23
Let o(s) = 80*s + 729. Determine o(-9).
9
Let k(p) = p**3 + 39*p**2 + 43. What is k(-39)?
43
Let y(b) = 18*b**2 - 52*b - 512. What is y(-8)?
1056
Let x(q) = 13*q + 135. Determine x(9).
252
Let p(j) = j**2 + 173*j + 5701. Give p(-129).
25
Let l(n) = -n**2 - 3*n - 445. Give l(0).
-445
Let v(u) = u**3 - 4*u**2 + 264*u - 1032. Calculate v(4).
24
Let h(a) = 48*a**2 - 511*a + 307. Calculate h(10).
-3
Let p(q) = -q**3 - 9*q**2 - 4*q - 283. What is p(-11)?
3
Let d(s) = s**3 - 4*s**2 - 14*s + 42. What is d(5)?
-3
Let t(f) = -67*f + 5092. Determine t(77).
-67
Let s(z) = 6*z**2 - 4*z - 23. Calculate s(-4).
89
Let c(s) = s**3 - 40*s**2 - 80*s + 3215. Determine c(40).
15
Let j(m) = m**2 - 917*m - 23555. Determine j(-25).
-5
Let r(c) = c**3 + 83*c**2 - 174*c - 7533. What is r(-84)?
27
Let c(s) = s**3 - 13*s**2 - 17*s + 226. Give c(13).
5
Let r(i) = -7*i**2 + 85*i - 24. Calculate r(12).
-12
Let p(t) = 18*t**2 - t - 14. Determine p(4).
270
Let x(y) = y**3 - 25*y**2 - 581*y + 14518. What is x(24)?
-2
Let g(x) = -4*x**2 + 2*x - 1. Give g(-4).
-73
Let i(y) = y**2 + 44*y + 378. Determine i(-11).
15
Let y(h) = h**2 - 440*h - 2216. Calculate y(-5).
9
Let q(k) = -325*k - 1291. Calculate q(-4).
9
Let j(g) = 2*g**3 - 45*g**2 - 13*g - 153. Give j(23).
77
Let d(f) = f**3 + 5*f**2 - 61*f - 361. Determine d(-7).
-32
Let n(k) = k**3 + k**2 + 16*k + 14. Calculate n(0).
14
Let v(o) = 2*o**3 + 4*o**2 - 533*o + 531. What is v(1)?
4
Let j(t) = 1704*t + 13635. Give j(-8).
3
Let s(d) = -91*d - 3698. Calculate s(-39).
-149
Let d(r) = 2*r**2 + 52*r + 8. Give d(-23).
-130
Let z(u) = u**2 + 12*u - 218. Calculate z(12).
70
Let y(i) = -14975*i - 44924. Calculate y(-3).
1
Let n(a) = a**3 - 2*a**2 + 7*a + 90. Calculate n(0).
90
Let c(x) = -14*x**2 + 11*x - 91. Give c(5).
-386
Let p(i) = i**3 - 48*i**2 - 1538*i - 139. What is p(70)?
1
Let u(m) = -3*m**2 + 39*m - 125. Calculate u(7).
1
Let q(x) = -x**3 - 3*x**2 - 4*x - 1. Determine q(-2).
3
Let r(y) = -34*y + 297. Determine r(10).
-43
Let f(q) = -q**3 + 43*q**2 + 947*q - 155. Calculate f(59).
22
Let j(a) = -a**3 - 14*a**2 + 27*a + 76. Give j(-15).
-104
Let r(x) = -423*x + 2974. Calculate r(7).
13
Let x(n) = -3*n**2 - 92*n + 28. Calculate x(-30).
88
Let u(q) = 360*q - 65846. Determine u(183).
34
Let j(x) = -x - 144. Calculate j(8).
-152
Let b(r) = 13*r**2 - 2514*r - 1551. Determine b(194).
1
Let z(k) = 190*k + 19. Give z(-1).
-171
Let c(t) = 3*t**3 + 10*t**2 - 10*t + 12. What is c(-5)?
-63
Let z(p) = -3*p**2 + 253*p - 280. Give z(83).
52
Let n(g) = 2*g**3 - 19*g**2 - 27*g - 62. Calculate n(11).
4
Let t(y) = -38*y - 375. What is t(-6)?
-147
Let n(q) = -q**3 - 25*q**2 - 19*q + 1932. Determine n(-18).
6
Let t(p) = 2*p**2 + 337*p - 3155. What is t(9)?
40
Let o(z) = -402*z + 1600. Determine o(4).
-8
Let p(o) = -o**3 - o**2 + 21*o - 61. Give p(3).
-34
Let r(v) = 36*v - 173. Determine r(10).
187
Let g(c) = 6*c + 312. What is g(-55)?
-18
Let h(k) = 2*k**2 + 52*k - 5. Calculate h(-26).
-5
Let g(f) = -40*f + 1317. Calculate g(29).
157
Let t(o) = -3*o**2 - 61*o - 232. Calculate t(-5).
-2
Let c(s) = 71*s + 460. Calculate c(-6).
34
Let d(g) = 16*g**2 + 56*g + 26. Give d(-3).
2
Let j(w) = w + 52. Determine j(-68).
-16
Let l(c) = -c**3 - 14*c**2 - 43*c - 35. Give l(-6).
-65
Let u(l) = -5*l**2 - 136*l - 7. Give u(-27).
20
Let v(t) = -2*t**2 - 75*t + 949. What is v(10)?
-1
Let c(y) = 13*y - 190. Determine c(14).
-8
Let i(w) = 2*w**2 - 98*w - 26. Give i(50).
74
Let g(n) = -n**3 - 37*n**2 - 131*n - 20. What is g(-33)?
-53
Let s(j) = -j**3 + 17*j**2 - 72*j + 10. What is s(7)?
-4
Let d(c) = -2*c**3 + 109*c**2 - 259*c - 66. What is d(52)?
-14
Let g(v) = -2*v**3 - 27*v**2 + 7*v + 61. What is g(-15)?
631
Let i(b) = -20*b**2 - 29*b + 61. What is i(2)?
-77
Let l(c) = -5*c**2 + 54*c - 140. Determine l(7).
-7
Let f(y) = -50*y + 631. Determine f(11).
81
Let f(m) = 145*m - 132. Determine f(1).
13
Let n(l) = l**3 - 14*l + 46. Determine n(5).
101
Let x(j) = 3*j**3 + 29*j**2 - 8*j - 146. Give x(-12).
-1058
Let y(v) = -8*v - 151. Determine y(-26).
57
Let g(q) = 15*q + 39. Calculate g(7).
144
Let i(h) = h**3 - 26*h**2 + 142*h - 91. Give i(17).
-278
Let g(w) = 2*w**2 + 2258*w - 2256. What is g(1)?
4
Let s(u) = -112*u + 319. What is s(3)?
-17
Let x(s) = -21*s + 540. Give x(26).
-6
Let y(t) = t**3 + 3*t - 122. Give y(0).
-122
Let s(k) = -k**2 - 47*k - 549. Determine s(-20).
-9
Let y(s) = 2*s**2 - s - 18. Calculate y(0).
-18
Let n(z) = -z**2 + 50*z - 127. Determine n(47).
14
Let r(b) = b**3 - 69*b**2 - 286*b - 399. Give r(73).
39
Let r(d) = -13*d - 194. Calculate r(-11).
-51
Let n(t) = -t**3 - 10*t**2 - 9*t - 16. Give n(-9).
-16
Let o(m) = 6*m**2 - 14*m + 74. Give o(6).
206
Let j(g) = g**3 - 10*g**2 + 4*g - 41. Determine j(7).
-160
Let t(l) = l**3 + 79*l**2 + 78*l - 5857. Give t(-77).
-5
Let s(i) = i**2 + 4*i - 1857. What is s(41)?
-12
Let q(p) = 7*p**2 + 102*p + 409. Determine q(-4).
113
Let q(b) = -b**2 + 117*b - 3422. Give q(61).
-6
Let k(x) = -74*x**2 - 46*x - 1. What is k(1)?
-121
Let l(x) = 3*x**3 + 50*x**2 + 71*x - 76. Calculate l(-15).
-16
Let a(w) = 16*w**2 - 73*w + 390. Determine a(6).
528
Let s(k) = k**2 + 6*k + 3. Calculate s(-3).
-6
Let t(m) = -35*m - 234. Give t(-7).
11
Let d(v) = 2*v**2 - 14*v - 84. Calculate d(-6).
72
Let g(q) = 22620*q + 90474. Calculate g(-4).
-6
Let l(r) = -9*r - 40. What is l(6)?
-94
Let d(x) = x**2 + 10*x - 231. Determine d(10).
-31
Let j(w) = 10*w**2 - 72*w + 108. Give j(6).
36
Let k(j) = -7*j**2 - 37*j + 39. What is k(1)?
-5
Let l(c) = 37*c**2 + 2519*c + 222. Calculate l(-68).
18
Let q(t) = -t**3 - 2*t**2 - 73*t - 230. Determine q(-3).
-2
Let i(x) = x**2 + 50*x - 131. What is i(-52)?
-27
Let g(d) = d**2 + 5*d - 356. What is g(-22)?
18
Let z(l) = -l**2 - 42*l + 925. What is z(-58)?
-3
Let l(v) = -2*v**2 - 204*v + 177. Determine l(-103).
-29
Let d(m) = -m**3 + 43*m**2 + 41*m + 343. What is d(44)?
211
Let x(a) = -6*a + 212. Give x(35).
2
Let u(s) = s**3 + 39*s**2 - 82*s + 97. Determine u(-41).
97
Let c(d) = 62*d + 933. Give c(-12).
189
Let d(y) = 712*y + 34888. What is d(-49)?
0
Let h(m) = 991*m - 92171. Calculate h(93).
-8
Let d(t) = -t**3 + 6*t**2 + 90*t + 116. Determine d(-6).
8
Let b(h) = -33*h + 523. What is b(0)?
523
Let p(j) = -j**3 - 73*j**2 + 218*j - 816. Determine p(-76).
-56
Let o(z) = -741*z - 1479. Calculate o(-2).
3
Let x(g) = 21*g**3 + 110*g**2 + 28*g + 16. Determine x(-5).
1
Let m(p) = p**2 + 8*p - 385. Give m(-24).
-1
Let c(m) = -82*m - 343. Give c(-4).
-15
Let y(n) = 6*n**2 + 255*n - 88. What is y(-43)?
41
Let o(j) = -43*j**2 - 295*j - 17. Determine o(-7).
-59
Let t(a) = -2*a**3 + 15*a**2 + 48*a - 170. Determine t(9).
19
Let z(p) = -p**3 + 25*p**2 - 31*p + 10. Determine z(24).
-158
Let l(p) = 50*p + 6107. Determine l(-124).
-93
Let u(n) = -n**3 + 23*n**2 - 26*n - 41. Give u(22).
-129
Let m(k) = 3081*k - 33874. Give m(11).
17
Let i(y) = 31*y - 93. Determine i(-1).
-124
Let b(j) = 3*j + 59. Give b(-19).
2
Let c(v) = -3*v**2 + 37*v + 867. Calculate c(-12).
-9
Let v(m) = -m**3 + 12*m**2 + 218*m + 37. Determine v(22).
-7
Let m(p) = -10*p**2 + 65*p - 288. Give m(4).
-188
Let v(m) = -2*m**2 - 64*m + 170. Calculate v(-33).
104
Let b(k) = -81*k + 1813. Give b(10).
1003
Let j(w) = -196*w - 3533. Determine j(-18).
-5
Let u(y) = y**3 - 47*y**2 + 554*y 